{"id":46,"date":"2023-09-06T14:08:54","date_gmt":"2023-09-06T14:08:54","guid":{"rendered":"https:\/\/wappa.cl\/?page_id=46"},"modified":"2023-09-06T14:08:54","modified_gmt":"2023-09-06T14:08:54","slug":"quienes-somos","status":"publish","type":"page","link":"https:\/\/wappa.cl\/index.php\/quienes-somos\/","title":{"rendered":"\u00bfQui\u00e9nes somos?"},"content":{"rendered":"\n<div class=\"wp-block-group is-vertical is-layout-flex wp-container-core-group-is-layout-fe9cc265 wp-block-group-is-layout-flex\">\n<h5 class=\"wp-block-heading\">\u00bfQui\u00e9nes somos?<\/h5>\n\n\n\n<p>En Wappa Professional Services, nos enorgullece ser m\u00e1s que una entidad comercial; somos una manifestaci\u00f3n de valores, pasi\u00f3n y compromiso. Nuestra historia se teje a partir de una visi\u00f3n audaz y un equipo apasionado que se esfuerza por lograr un impacto significativo en los proyectos de nuestros clientes. Con profesionales con m\u00e1s de 20 a\u00f1os de experiencia en el rubro, somos capaces de abordar cualquier proyecto tecnol\u00f3gico, en conjunto contigo.<\/p>\n\n\n\n<h5 class=\"wp-block-heading\">Nuestra Misi\u00f3n<\/h5>\n\n\n\n<p>Nuestra misi\u00f3n es ayudarte a cumplir tu objetivos en proyectos tecnol\u00f3gicos. Nos esforzamos por dar valor a los procesos de cada proyecto para cumplir con un meta en conjunto con nuestro cliente. Creamos soluciones innovadoras, creativas y personalizadas que resuelvan los desaf\u00edos m\u00e1s apremiantes de nuestros clientes. Nos enorgullece en pensar m\u00e1s all\u00e1 de los l\u00edmites convencionales para ofrecer soluciones excepcionales.<\/p>\n\n\n\n<h5 class=\"wp-block-heading\">Nuestra Visi\u00f3n<\/h5>\n\n\n\n<p>Nuestros valores son la columna vertebral de todo lo que hacemos. Creemos en la honestidad, la innovaci\u00f3n, la responsabilidad y el cumplimiento fiel a nuestros clientes. Estos principios gu\u00edan nuestras decisiones y acciones diarias.<\/p>\n\n\n\n<h5 class=\"wp-block-heading\">Nuestro equipo<\/h5>\n\n\n\n<p>Nuestro talentoso equipo est\u00e1 formado por individuos apasionados y comprometidos que comparten una visi\u00f3n com\u00fan. Cada miembro aporta su experiencia y energ\u00eda para hacer realidad nuestros objetivos.<\/p>\n\n\n\n<h5 class=\"wp-block-heading\"><strong>Compromiso con la Excelencia<\/strong><\/h5>\n\n\n\n<p>Nos esforzamos por la excelencia en todo lo que hacemos. Estamos comprometidos con la mejora continua y la satisfacci\u00f3n de nuestros clientes.<\/p>\n\n\n\n<h5 class=\"wp-block-heading\"><strong>Contacto<\/strong><\/h5>\n\n\n\n<p>Estamos aqu\u00ed para servirte y escucharte. Si tienes alguna pregunta o comentario, no dudes en ponerte en contacto con nosotros, envianos un correo a proyectos@wappa.cl o escr\u00edbenos por Whatsapp al +56 9 5755 7175.<\/p>\n\n\n\n<p>En Wappa, estamos emocionados por lo que el futuro nos depara y esperamos poder servirte de la mejor manera posible. Gracias por ser parte de nuestro viaje.<\/p>\n<\/div>\n","protected":false},"excerpt":{"rendered":"<p>\u00bfQui\u00e9nes somos? En Wappa Professional Services, nos enorgullece ser m\u00e1s que una entidad comercial; somos una manifestaci\u00f3n de valores, pasi\u00f3n y compromiso. Nuestra historia se teje a partir de una visi\u00f3n audaz y un equipo apasionado que se esfuerza por lograr un impacto significativo en los proyectos de nuestros clientes. Con profesionales con m\u00e1s de [&hellip;]<\/p>\n","protected":false},"author":1,"featured_media":67,"parent":0,"menu_order":0,"comment_status":"closed","ping_status":"closed","template":"","meta":{"footnotes":""},"class_list":["post-46","page","type-page","status-publish","has-post-thumbnail","hentry"],"_links":{"self":[{"href":"https:\/\/wappa.cl\/index.php\/wp-json\/wp\/v2\/pages\/46","targetHints":{"allow":["GET"]}}],"collection":[{"href":"https:\/\/wappa.cl\/index.php\/wp-json\/wp\/v2\/pages"}],"about":[{"href":"https:\/\/wappa.cl\/index.php\/wp-json\/wp\/v2\/types\/page"}],"author":[{"embeddable":true,"href":"https:\/\/wappa.cl\/index.php\/wp-json\/wp\/v2\/users\/1"}],"replies":[{"embeddable":true,"href":"https:\/\/wappa.cl\/index.php\/wp-json\/wp\/v2\/comments?post=46"}],"version-history":[{"count":2,"href":"https:\/\/wappa.cl\/index.php\/wp-json\/wp\/v2\/pages\/46\/revisions"}],"predecessor-version":[{"id":68,"href":"https:\/\/wappa.cl\/index.php\/wp-json\/wp\/v2\/pages\/46\/revisions\/68"}],"wp:featuredmedia":[{"embeddable":true,"href":"https:\/\/wappa.cl\/index.php\/wp-json\/wp\/v2\/media\/67"}],"wp:attachment":[{"href":"https:\/\/wappa.cl\/index.php\/wp-json\/wp\/v2\/media?parent=46"}],"curies":[{"name":"wp","href":"https:\/\/api.w.org\/{rel}","templated":true}]}}